*2 + 10*l. Let k(d) = 2*b(d) - 3*x(d). What are the prime factors of k(-9)?
2
Suppose -6*w + 1235 = -w. Suppose 2*n - w = -2*c - c, 5*n - 601 = -2*c. List the prime factors of n.
7, 17
Let o be (-12)/(-12) - 1*-1. Let f(s) = 3 + 112*s + 13*s**o - 110*s - 3. List the prime factors of f(2).
2, 7
Suppose -13*b + 826 = r - 17*b, -4*r + b = -3319. List the prime factors of r.
2, 5, 83
Let g(i) = 127*i**2 + 4*i + 35. What are the prime factors of g(-3)?
2, 11, 53
Let d = 0 + 5. Suppose -j + d = -17. Suppose 3*a + 4*y - 24 = a, 0 = 2*a + 2*y - j. List the prime factors of a.
2, 5
Suppose -56 = -4*u - 28. Let p(x) = 4*x**2 - 7*x - 19. List the prime factors of p(u).
2
Let p(h) = h**2 - 30*h - 768. List the prime factors of p(58).
2, 107
Suppose 0 = k - 2 - 3. Suppose -t + 11 = 3*b - 0*t, k*t = -b + 13. Suppose -3*d = 9, 5*x - 2*d - 305 = b*d. What are the prime factors of x?
2, 29
Let x = 77 + 2. List the prime factors of x.
79
Suppose -3*y + 2451 + 1863 = 0. What are the prime factors of y?
2, 719
Let f be (-1 + 44)/(24/96). Suppose 0 = -3*r - 1 + f. List the prime factors of r.
3, 19
Let o(h) = 36*h + 2. Let u be o(8). Let w = -155 + u. List the prime factors of w.
3, 5
Suppose -2*s + 8796 = 3*m, 17614 = 22*s - 18*s - 5*m. What are the prime factors of s?
3, 163
Let r(p) = p**2 - 1. Let a be r(2). Suppose -a*x - 2*x + 10 = 0. What are the prime factors of x?
2
Suppose -5*w - 3*k = -4*k - 10, 2*k - 1 = 3*w. Suppose h = -w*h + 84. List the prime factors of h.
3, 7
Suppose -2*j - 3*g + 306 = 0, -9*g + 146 = j - 4*g. What are the prime factors of j?
2, 3, 13
Suppose 5*x + 62 = -138. Let p = 18 + x. Let q = p - -24. What are the prime factors of q?
2
Suppose -3*o - 6*r = -2*r + 441, -5*o + 5*r - 700 = 0. Let m(z) = -3*z**3 - z + 5. Let a be m(-4). Let g = a + o. List the prime factors of g.
2, 29
Let v(x) = -x - 15. Let c be v(4). List the prime factors of c*-2*(0 - 4/(-8)).
19
Suppose -2*c + 2*q = -2904, -c + 2245 = -5*q + 793. What are the prime factors of c?
2, 3, 11
Suppose 3*a + j - 50 = 5*j, -a - 5*j = -42. Let u(s) = -17*s**2 - s - 1. Let f be u(-1). Let z = f + a. What are the prime factors of z?
5
Suppose 1224 = 2*b - 4*u, 5*u + 3055 = 31*b - 26*b. What are the prime factors of b?
2, 5, 61
Suppose 2*s = -4*p + 13394, 3*p - 5*s - 1546 = 8532. List the prime factors of p.
3, 1117
Suppose -h = 5*b - 507, 291 = -0*b + 3*b + 5*h. Let p = b + 9. What are the prime factors of p?
3, 37
Let o(p) be the second derivative of p**7/420 - p**6/360 - 7*p**5/120 - 5*p**4/6 - p. Let f(a) be the third derivative of o(a). List the prime factors of f(-3).
53
Let m be (-5)/((-20)/(-2))*-2*-7. Suppose 4*t + 6 = x + 2*t, 12 = 4*x + 4*t. List the prime factors of x/(-28) - 169/m.
2, 3
Let w(o) = -o**3 + 36*o**2 - 25*o - 94. List the prime factors of w(35).
2
Let d = -244 - -608. Suppose 14*c = 7*c + d. What are the prime factors of c?
2, 13
Suppose 0 = -4*c + 16, c + 652 = -6*x + 2*x. Let t be (2/(-4))/((-2)/(-20)). What are the prime factors of 15/75 + x/t?
3, 11
Suppose q = -4*c + 1363, -5*q + 0*q - 1369 = -4*c. What are the prime factors of c?
11, 31
Let d = 598 - -1576. List the prime factors of d.
2, 1087
Suppose 0*v = 2*v + 3*a + 33, 3*a = 5*v + 51. Let l = 14 + v. Suppose 0 = -5*i + l*i + 84. What are the prime factors of i?
2, 7
Let j(d) = 5*d**3 - 31*d**2 - 35*d - 60. Let t(c) = -c**3 + 8*c**2 + 9*c + 15. Let z(o) = -2*j(o) - 9*t(o). What are the prime factors of z(-9)?
3
Let u(y) = 10*y**2 - 3*y - 7. List the prime factors of u(-5).
2, 3, 43
Let i be (-1 - (-46)/3) + 12/18. Suppose -5*d - 4*j = -191, -j = -d + i + 25. List the prime factors of d.
3, 13
Let v(j) = 2*j**2 + 42*j - 54. What are the prime factors of v(-36)?
2, 3, 19
Let m(x) = 4 - 7*x + 4*x + 6*x**3 + 0 - 10*x**2. Let z(n) = 7*n**3 - 11*n**2 - 3*n + 5. Let k(r) = 6*m(r) - 5*z(r). List the prime factors of k(6).
17
Suppose -392 = -2*b + 532. What are the prime factors of b?
2, 3, 7, 11
Let o be (568/10)/(2/5). Let n be 3/(-9) + o/(-6). Let k = 48 + n. What are the prime factors of k?
2, 3
Suppose -3*c = -6*c + 669. List the prime factors of c.
223
Let p(q) = -65*q**2 + 5*q - 6. Let c be p(-5). What are the prime factors of 2/(-5) - c/40?
41
Suppose 3*g = -o + 56, 3*o - 1 = 4*o. Let v = 21 - g. Suppose -2*k - v*k - 198 = -5*d, 0 = 5*d - 5*k - 195. What are the prime factors of d?
2, 3, 7
Let t(l) = 62*l**3 - 5*l**2 + 3*l + 4. List the prime factors of t(2).
2, 3
Suppose -3*l - 16 = 3*d + 8, -3*l = -d - 20. Let j(a) = -a**2 - 13*a - 4. List the prime factors of j(d).
2, 3
Suppose -4*l - d + 39 = 0, 3*l + 6 - 32 = -4*d. What are the prime factors of l?
2, 5
Let x = -3 + 18. Suppose -3*t - 4 = -4*c + 8, -5*t - x = -5*c. List the prime factors of 1*c*640/48.
2, 5
Let m be 2 + (-1)/((-4)/8). Suppose -4*o = v - 18, -5*v + m*o - 2 = o. Suppose v*q + 3*f - 13 = 0, -3*q + 21 = -3*f + 6*f. What are the prime factors of q?
2
List the prime factors of (1 + 174)/((-21)/(-126)).
2, 3, 5, 7
Let a be (-1 - -7)/3 - -6. Let f be a + (5 - 3)*-1. Suppose -4*b - 85 = -f*z + z, b + 70 = 5*z. List the prime factors of z.
13
Let z be -1 + 9 + (3 - 3). Let h(b) = 6*b + 61 - 25 - 27 - 27. List the prime factors of h(z).
2, 3, 5
Let i(u) = 239*u + 158. List the prime factors of i(16).
2, 11, 181
Suppose 6*q - 5983 = 563. List the prime factors of q.
1091
Suppose t = 4*p - 8097, 0 = t - 4*t - 15. List the prime factors of p.
7, 17
Suppose 4*a - 112 = -0*a. Let n = a - 472. What are the prime factors of 5*(n/(-15))/4?
37
What are the prime factors of (-5)/(-2) + (-9)/6 - -1594?
5, 11, 29
Let m(i) = i**3 - 9*i**2 + 9*i - 3. Let o be m(8). Suppose 4*p - 2 = 2*r, 3*r - 2*r - o = 0. Let j = p - -9. What are the prime factors of j?
2, 3
Suppose -9981 = -3*y + 5124. What are the prime factors of y/75 - (-6)/(-45)?
67
Let m(f) = f**3 + 3*f**2 - 2*f - 2. Let k be m(-4). Let n = 13 + k. List the prime factors of n + -1*(-3 + 4).
2
Suppose 12*h - 23650 + 4186 = 0. What are the prime factors of h?
2, 811
Suppose 24 = 4*r - 7*r. What are the prime factors of 430/2*r/(-60)*3?
2, 43
Let f = 659 - 460. Let t = -142 + f. What are the prime factors of t?
3, 19
Suppose 0*z + 2*z - 216 = 0. Suppose 4*a - z = 52. What are the prime factors of a?
2, 5
Suppose 0 = -10*s + 6124 - 14. List the prime factors of s.
13, 47
Let n be 3 + -1 + 0 - 14. Let r be 14/(-4) - 18/n. List the prime factors of 1 - (-25 - r)/1.
2, 3
Let v = -13 - -13. Suppose 2*h - p = -6, 0 = -h - p - v*p. List the prime factors of (-6)/((-1)/((-3)/h)).
3
Suppose 2*r = -3*r. Suppose r*d + 84 = 6*d. What are the prime factors of d?
2, 7
Let g = 18 + -18. Suppose -2*p - s = -103, -p + 3*s = -g*p - 62. List the prime factors of p.
53
Let x(l) = -l**3 - 5*l**2 - 3*l + 16. What are the prime factors of x(-6)?
2, 5, 7
Let d = -36 + 28. List the prime factors of (-582)/2*((-32)/(-12))/d.
97
Let q(t) = 14*t + 3. Let f(j) = -4*j - 20. Let c be f(-6). What are the prime factors of q(c)?
59
Let o = -12 - -12. Suppose o + 4 = 2*u. Suppose u + 42 = 2*w. What are the prime factors of w?
2, 11
Suppose 0 = 4*i - 5*t - 11, -5*t - 15 = -3*i - 3. What are the prime factors of (26*7/(-2))/i?
7, 13
Suppose -195478 = -79*r - 7*r. What are the prime factors of r?
2273
Suppose p + 6*q - 3*q - 1 = 0, 0 = 2*q. Suppose 5*t = 5*j - j + 67, -3*t = -4*j - 45. What are the prime factors of 3/p*t/3?
11
Let c(p) = p**2 - 16*p - 163. List the prime factors of c(-21).
2, 307
Let r = -98 - -96. What are the prime factors of r/1*(14 - 129)?
2, 5, 23
What are the prime factors of 7*10/(-315) - 11486/(-9)?
2, 11, 29
Suppose -8 - 4 = -2*u. Let h be (-2 - -2)/(u/3). Suppose 0 = -r + 4*o + 3, -r = -h*r - 5*o - 2. List the prime factors of r.
7
Let q(k) = -4*k. Let s(h) = 3*h**3 + 2*h**2 - 3*h + 1. Let y be s(1). Let b be 1 + ((-54)/y)/2. What are the prime factors of q(b)?
2
Let h be (-12)/(-4)*(-1 + 0). List the prime factors of (h/5)/(15/(-2025)).
3
Let p = 27 - 18. Let q(w) = 12*w - 7. What are the prime factors of q(p)?
101
Let v(k) = 750*k. Let d be v(1). Suppose -o - 4*o = d. List the prime factors of (4/6)/((-5)/o).
2, 5
What are the prime factors of 5*((-2163)/(-455) - 6/39)?
23
Suppose 3*v = -3*g + 6*v + 3477, -5*g + 3*v + 5793 = 0. List the prime factors of g.
2, 3, 193
Let w(i) = 433*i + 39. What are the pr